2921791?
19, 3837989
List the prime factors of 5355026486.
2, 17, 4391, 35869
What are the prime factors of 359814?
2, 3, 7, 13, 659
What are the prime factors of 2582140289?
2582140289
List the prime factors of 91813235.
5, 61, 301027
List the prime factors of 618259461.
3, 43, 61, 78569
List the prime factors of 56322870.
2, 3, 5, 17, 110437
What are the prime factors of 403070770?
2, 5, 40307077
What are the prime factors of 129725395?
5, 25945079
What are the prime factors of 2224215137?
6421, 346397
List the prime factors of 3067919930.
2, 5, 19, 16146947
What are the prime factors of 54455839?
54455839
List the prime factors of 222288844.
2, 43, 313, 4129
List the prime factors of 871331779.
6619, 131641
What are the prime factors of 46276599?
3, 541, 28513
What are the prime factors of 1009132299?
3, 7, 43, 372511
What are the prime factors of 53921516?
2, 11, 59, 20771
What are the prime factors of 53146858?
2, 26573429
List the prime factors of 136400289.
3, 1103, 41221
What are the prime factors of 833289394?
2, 7, 8502953
What are the prime factors of 116910796?
2, 31, 181, 5209
What are the prime factors of 1432974170?
2, 5, 3659, 39163
What are the prime factors of 3175002004?
2, 8429, 94169
List the prime factors of 3002694344.
2, 13, 23, 1255307
List the prime factors of 72210089.
7, 19, 542933
What are the prime factors of 1377273?
3, 459091
List the prime factors of 309306478.
2, 13, 61, 195023
List the prime factors of 1421931996.
2, 3, 89, 5479
List the prime factors of 1008900036.
2, 3, 1037963
List the prime factors of 18109091.
7, 11, 13, 79, 229
What are the prime factors of 110558531?
17, 6503443
List the prime factors of 38908787.
38908787
List the prime factors of 8412703.
13, 647131
List the prime factors of 92998958.
2, 13, 19, 79, 2383
List the prime factors of 696829975.
5, 1637, 17027
What are the prime factors of 134162681?
134162681
What are the prime factors of 10188696?
2, 3, 7, 60647
List the prime factors of 135846114.
2, 3, 113, 200363
List the prime factors of 98862183.
3, 7, 1569241
List the prime factors of 833710.
2, 5, 263, 317
List the prime factors of 2724138402.
2, 3, 139, 167, 19559
What are the prime factors of 41141125?
5, 283, 1163
List the prime factors of 4610632546.
2, 13, 353, 691, 727
List the prime factors of 74191491.
3, 11, 23, 10861
What are the prime factors of 829606318?
2, 414803159
What are the prime factors of 53273339?
7, 239, 4549
List the prime factors of 3703637479.
373, 9929323
List the prime factors of 4181608877.
197, 21226441
List the prime factors of 187194874.
2, 93597437
What are the prime factors of 1709596460?
2, 5, 11, 13, 597761
List the prime factors of 653360120.
2, 5, 7, 6803
List the prime factors of 1919244565.
5, 7, 31, 79, 22391
List the prime factors of 107216192.
2, 1049, 1597
List the prime factors of 193498863.
3, 37, 1743233
List the prime factors of 100166732.
2, 307, 81569
List the prime factors of 40105022.
2, 157, 337, 379
What are the prime factors of 645277904?
2, 4987, 8087
List the prime factors of 389092847.
11, 13, 73, 37273
What are the prime factors of 760396278?
2, 3, 587, 215899
What are the prime factors of 367314015?
3, 5, 233, 105097
List the prime factors of 354385797.
3, 118128599
List the prime factors of 2124560454.
2, 3, 5179, 68371
List the prime factors of 49314778.
2, 24657389
List the prime factors of 346066044.
2, 3, 53, 544129
What are the prime factors of 1102043401?
30169, 36529
List the prime factors of 5266002.
2, 3, 7, 19, 6599
What are the prime factors of 1376510245?
5, 11, 1523, 16433
What are the prime factors of 223716278?
2, 111858139
What are the prime factors of 392537980?
2, 5, 223, 283, 311
What are the prime factors of 72657852?
2, 3, 6054821
List the prime factors of 22010280.
2, 3, 5, 149, 1231
What are the prime factors of 1681033734?
2, 3, 173, 461, 1171
What are the prime factors of 44985772?
2, 13, 5119
What are the prime factors of 73479022?
2, 36739511
List the prime factors of 14674142.
2, 7, 89, 11777
List the prime factors of 670329401.
7, 7823, 12241
List the prime factors of 4505670542.
2, 239, 9426089
List the prime factors of 61262705.
5, 7, 71, 89, 277
List the prime factors of 59948463.
3, 3823, 5227
List the prime factors of 90236674.
2, 11, 1627, 2521
What are the prime factors of 1257068239?
7, 1423, 126199
What are the prime factors of 33901434?
2, 3, 7, 17, 19
What are the prime factors of 79479683?
941, 84463
What are the prime factors of 67078211?
601, 111611
List the prime factors of 3645023251.
19, 191843329
List the prime factors of 118305046.
2, 83, 712681
List the prime factors of 16837052.
2, 29, 173, 839
List the prime factors of 7049394779.
7, 1007056397
List the prime factors of 584941615.
5, 3259, 35897
List the prime factors of 254952251.
254952251
List the prime factors of 194851602.
2, 3, 11, 223, 1471
List the prime factors of 25410102.
2, 3, 4235017
What are the prime factors of 735918225?
3, 5, 7, 41, 179, 191
What are the prime factors of 917109627?
3, 7, 71, 12553
What are the prime factors of 844114782?
2, 3, 7, 53, 379207
List the prime factors of 6128399.
167, 36697
What are the prime factors of 373018582?
2, 186509291
List the prime factors of 3066052400.
2, 5, 7665131
List the prime factors of 919014555.
3, 5, 61267637
List the prime factors of 52524906.
2, 3, 7, 1250593
List the prime factors of 258148049.
43, 6003443
What are the prime factors of 2906504001?
3, 322944889
List the prime factors of 320833118.
2, 23, 41, 67, 2539
What are the prime factors of 181818987?
3, 7, 233, 37159
What are the prime factors of 898864160?
2, 5, 19, 457, 647
List the prime factors of 1431878797.
71, 1879, 10733
List the prime factors of 174637466.
2, 347, 251639
What are the prime factors of 713599405?
5, 43, 3319067
What are the prime factors of 1313075954?
2, 17, 53, 617, 1181
List the prime factors of 5978562167.
5978562167
What are the prime factors of 106316661?
3, 11, 3221717
List the prime factors of 427799198.
2, 213899599
What are the prime factors of 5039308145?
5, 1007861629
List the prime factors of 39973802.
2, 11, 165181
What are the prime factors of 353512543?
1621, 218083
List the prime factors of 3579903760.
2, 5, 44748797
What are the prime factors of 82362761?
13, 59, 73, 1471
What are the prime factors of 2734536273?
3, 7, 73, 1783781
List the prime factors of 16899663.
3, 11, 29, 17659
What are the prime factors of 278280167?
11, 59, 521, 823
What are the prime factors of 30284848?
2, 11, 15643
What are the prime factors of 5821296926?
2, 113, 139, 185309
List the prime factors of 6994751862.
2, 3, 7, 23791673
What are the prime factors of 3613577004?
2, 3, 4637, 21647
What are the prime factors of 116155230?
2, 3, 5, 3871841
What are the prime factors of 414891727?
311, 1334057
What are the prime factors of 89525113?
89525113
List the prime factors of 561698471.
101, 5561371
List the prime factors of 5028889767.
3, 11, 152390599
List the prime factors of 501420905.
5, 100284181
List the prime factors of 12527724.
2, 3, 11, 94907
What are the prime factors of 618758682?
2, 3, 103126447
List the prime factors of 88945592.
2, 11118199
What are the prime factors of 93119048?
2, 11, 1058171
What are the prime factors of 16432615?
5, 383, 8581
List the prime factors of 2404221005.
5, 17, 28284953
What are the prime factors of 8321047609?
7, 1188721087
List the prime factors of 2783857275.
3, 5, 109, 157, 241
List the prime factors of 517174782.
2, 3, 17, 5070341
List the prime factors of 6170049.
3, 23, 41, 727
List the prime factors of 444478645.
5, 13, 6838133
What are the prime factors of 28525085?
5, 2341, 2437
List the prime factors of 4735771.
71, 66701
What are the prime factors of 492076156?
2, 11, 13, 263, 3271
List the prime factors of 89737095.
3, 5, 7, 19, 31, 1451
What are the prime factors of 14801524?
2, 107, 34583
List the prime factors of 187580159.
13, 17, 848779
What are the prime factors of 879336625?
5, 19, 370247
List the prime factors of 93859553.
1669, 56237
List the prime factors of 17944701.
3, 5981567
What are the prime factors of 1773697043?
29, 149, 601, 683
What are the prime factors of 2619827494?
2, 1309913747
List the prime f